e factors of l(x).
2, 5
Let f(s) = 370*s**2 + 4*s - 5. Suppose 5*m = 2*i + 4 + 9, -5*m = -5*i - 25. What are the prime factors of f(m)?
3, 41
Let j(h) = 6*h - 49. Let a be j(19). Suppose 5*y - a = -40. What are the prime factors of y?
5
Suppose 4*g - 4755 = 3*c - 1538, -4*g = -4*c - 3212. Suppose 4*r = -0*r + g. Suppose -22*d - r = -24*d. List the prime factors of d.
101
Let n be 10/(-2)*(6 + -7). Suppose -275 = n*g - 1395. List the prime factors of g.
2, 7
Let w(z) = -353*z - 5756. List the prime factors of w(-52).
2, 3, 5, 7
Suppose 2*f - 8885 = -2805. Suppose 2*y - f = -4*t, -4*t = -7*t - 5*y + 2294. List the prime factors of t.
2, 379
Let w(s) = -6*s + 7. Let h be w(2). Let y(k) = k**3 + 4*k**2 + 4*k + 1. Let m be y(h). Let z = 81 - m. What are the prime factors of z?
5
Let q be (-773362)/1022 - 2/(-14)*-2. Let l = -418 - q. What are the prime factors of l?
3, 113
Suppose 0 = -q - 4*y - 12, -5*y - 7 = -2*q + 8. Suppose g - 1022 = 5*k, q = -26*k + 22*k - 8. List the prime factors of g.
2, 11, 23
Let h(x) = -205*x**3 - 8*x**2 - 13*x + 12. What are the prime factors of h(-4)?
2, 3, 17
Let i(c) = -570 + 575 + 5*c - 3*c. Let p be i(-8). Let n = p + 111. List the prime factors of n.
2, 5
Let s(n) = 68*n**3 - 3*n**2 - 4. Let z be s(-2). Let h = 165 - z. List the prime factors of h.
5, 29
Let l = -138 - -86. Let w = l + 52. Suppose -2*f + 48 - 18 = w. List the prime factors of f.
3, 5
Let q(v) = -73*v - 6. Suppose -5*j + 72 = -17*j. Let p be (57/(-38))/(j/(-8)). What are the prime factors of q(p)?
2, 5, 7
List the prime factors of (-14)/(-24)*5547 + 17/4 + -4.
2, 809
Suppose 11*s + 11 = 9*s + 3*v, 0 = 2*s - 4*v + 16. Suppose -s*m + 0*m = -26. Suppose -5*z + 3312 = m*z. What are the prime factors of z?
2, 23
Suppose 234443 = -125*x + 1841318. What are the prime factors of x?
3, 5, 857
Let h(t) = -t**2 + 6*t - 32. Let v be h(7). Let a(i) = -i**3 - 38*i**2 + 35*i + 48. List the prime factors of a(v).
2, 3, 17
Let b(o) = -o**3 - o**2 - o - 2. Let f = 8 + -10. Let l be b(f). Suppose l*g = 786 - 158. List the prime factors of g.
157
Let t(c) = -418*c + 497. What are the prime factors of t(-17)?
7603
Let w(n) = 12*n**2 - 14*n + 36. Let h be w(6). Suppose -t - 20 = -h. What are the prime factors of t?
2, 7, 13
Suppose d - 50297 = 4*s - 7*s, 2*d = 7*s + 100672. List the prime factors of d.
5, 29, 347
Suppose -530 - 1753 = 3*q + 5*i, 3*i = 3*q + 2307. Let x = q + 1173. What are the prime factors of x?
11, 37
Let n(f) = -14*f**3 - 3. Let x be n(-3). Let y = 191 - 390. Let t = x + y. List the prime factors of t.
2, 11
Suppose 0 = -z - 3*k + 5 - 18, 0 = -5*z - 5*k - 25. Let m be 155 - (z + 2 - (-3 + 0)). Let n = m - 87. List the prime factors of n.
2
Let r(d) = 1070*d**2 + 560*d + 1. List the prime factors of r(-4).
23, 647
Suppose -5*w - n = -2533, -n - 279 = -w + 230. Let u = w - -64. What are the prime factors of u?
571
Let t(n) = 168*n**3 + 2*n**2 + n - 1. Let x be t(-1). Let y = x - -741. List the prime factors of (2/(24/y))/(1/4).
191
Suppose -3*s + 0*s = 30. Let k(y) = y**2 + 8*y - 5. Let a be k(s). List the prime factors of 214/4 + a/30.
2, 3
Let v be ((-68)/(-6))/(2/(-9)). Let a = 4 + v. Let o = a + 99. List the prime factors of o.
2, 13
Let g(c) = -8*c + 6. Let s be g(2). Let a be 2/s - 3501/(-5). Suppose -14*r = -0*r - a. What are the prime factors of r?
2, 5
List the prime factors of (-535682)/(-26) - (-366)/(-2379).
11, 1873
Suppose 3*p - 2*d = 4, -4*p + 18 - 14 = -2*d. Let t(c) = -6*c - c + 208 + 23 - 3*c. List the prime factors of t(p).
3, 7, 11
Let k be (-72)/(-40) + 1/5. Let h be (2/(-6))/((-4)/(-12)). List the prime factors of h/k + 861/14.
61
What are the prime factors of (-1261706)/(-153) - 28/63?
2, 7, 19, 31
Suppose -33*g + 131769 + 49269 = 0. List the prime factors of g.
2, 13, 211
Suppose 3*l = 15, 5*l = 5*w - 0*l - 4735. Let s = 1437 - w. List the prime factors of s.
5, 97
Let j(b) be the first derivative of -b**4/4 - 11*b**3/3 + 6*b**2 - 4*b - 14. Let k be j(-12). What are the prime factors of (k/(-6))/((-4)/(-432))?
2, 3
Let f be 4 - 1/((-2)/6). Let q(v) = f - 14 + v - 3*v**2 + v**3 - 3*v. List the prime factors of q(5).
3, 11
Let k be ((-2)/(-2) - 2)/((-5)/10). Suppose -k*y = -13*y + 3949. What are the prime factors of y?
359
Let h = 879 + -450. Suppose -h = 3*v + 366. Let y = -27 - v. What are the prime factors of y?
2, 7, 17
Let b(g) = -68*g**3 + 34*g**3 + 33*g**3 - 5*g + 8*g**2 - 6. Let q be b(6). List the prime factors of 3/(q/40)*(0 - -6).
2, 5
Let j(c) be the third derivative of 5*c**4/24 - 5*c**3/3 - 3*c**2. Let d be j(8). Let l = d + -8. List the prime factors of l.
2, 11
Suppose -t + 6*j = 3*j - 27, -5*j = -15. Let w = 110 + t. Suppose 0 = k - 2*k + w. List the prime factors of k.
2, 73
Suppose 2 = 2*j - 8. Suppose -5*a + 3*a = 4*g - 1290, -3183 = -j*a + 4*g. List the prime factors of a.
3, 71
Suppose -5*x = -17 - 3. Suppose x*l - 15 = 5*w, -4*w = l + 3*l - 24. Suppose -258 = -2*p - 2*k, 5*p - l*k - 1068 + 383 = 0. What are the prime factors of p?
7, 19
List the prime factors of (26170 - 6)*((-143)/(-26) + -5).
2, 31, 211
Let i = 935 + 4577. What are the prime factors of i?
2, 13, 53
Let a(w) = -2*w**2 + 19*w - 17. Let x be a(8). Let c(o) = -2*o**2 + 9*o - 5. Let m be c(x). What are the prime factors of -3*m/(-90)*(-66)/4?
2, 11
Suppose -4*k = -5*t - 2927 - 5510, 0 = -3*k - 3*t + 6321. What are the prime factors of k?
2, 17, 31
Let q = 859 - -2100. List the prime factors of q.
11, 269
Suppose 2*d + 89969 = 3*p, 5*p + 7*d = 5*d + 149943. What are the prime factors of p?
29989
Suppose -5*h - 63 - 22 = -4*l, -l + 19 = h. What are the prime factors of (-8520)/(-6)*8/l?
2, 71
Let h be (-772)/(-52) - -4 - (-4)/26. Suppose h*z - 7*z = 1056. List the prime factors of z.
2, 11
Suppose p = 20 - 10. Let h be (-7)/(-3) + p/15. Suppose x - 60 = -h*r, 5*x - 3*r - 340 = 2*r. What are the prime factors of x?
2, 3, 11
What are the prime factors of ((-3136)/96)/((-8)/20 + (-3304)/(-8310))?
7, 277
Suppose -18*f - 28 = -4*f. Let c be (1 + 1)*(-4)/f. Suppose -c*n + 44 = -3*x, -5*n = -2*n + x - 46. List the prime factors of n.
2, 7
Let x(v) = -30*v - 35. Let m(g) = 9*g**3 + g**2 + 2*g + 2. Let n be m(-1). List the prime factors of x(n).
5, 41
Let w(y) = 6*y**3 + 20*y**2 - y + 2. Let z(r) = 7*r**3 + 21*r**2 - r + 3. Let g(j) = 6*w(j) - 5*z(j). Let m = 184 - 198. What are the prime factors of g(m)?
3, 23
Let q(j) = j**3 - 2*j**2 + j - 3. Let m be q(2). Let o be m/5 - 19/(665/(-462)). Suppose 18*u - o*u = 160. What are the prime factors of u?
2
Suppose 57*c - 122516 - 79606 = 0. Let b = -2444 + c. List the prime factors of b.
2, 19, 29
Let b = -35 - -37. Suppose 5*u + 2 = b*a, -3*u + 6*u + 4*a + 22 = 0. What are the prime factors of (21/(-14)*-2)/(u/(-132))?
2, 3, 11
Let p(h) = h**3 + 20*h**2 - 27*h + 38. Let i = -156 + 136. What are the prime factors of p(i)?
2, 17
Let b(u) = 2*u**2 + 3*u + 81. Suppose 0 = -61*z + 62*z. List the prime factors of b(z).
3
Let s be ((-1)/(-3))/((-4)/2076). Let p = 84 + s. What are the prime factors of (-7 - 1)/2 - p?
5, 17
Let i(g) = -g**2 - 9*g + 19. Let b be i(-10). Suppose -25 = -b*f + 2. Suppose -f*q = -5*z - 2*q + 249, -47 = -z + 3*q. List the prime factors of z.
2, 5
Let g = 13313 + -7434. Suppose 26*c - 4469 = g. List the prime factors of c.
2, 199
Suppose -5*o + 4*r - 8695 = -r, 4*o - 2*r + 6964 = 0. Let n = -1244 - o. List the prime factors of n.
499
Suppose 42*c + 57*c - 279027 = -30*c. List the prime factors of c.
3, 7, 103
Suppose -3155 = -q - 3*p, -2*q - p = 625 - 6920. Suppose q = 3*n - 376. What are the prime factors of n?
2, 587
Suppose 41575 = -2*o - 4*q + 115681, 5*o - 185289 = -2*q. List the prime factors of o.
3, 11, 1123
Let g(l) = l**2 - l. Let c(d) = -72*d**2 + 9*d - 3. Let f(s) = -c(s) - 5*g(s). What are the prime factors of f(1)?
2, 3, 11
Let h = -314 - -317. Suppose -h*c - 730 = -13*c. List the prime factors of c.
73
Let a(h) = 2*h**2 - 10*h + 14. Let z be a(6). Let k(w) = 2*w**3 - 54*w**2 + 65*w - 29. List the prime factors of k(z).
3, 103
Suppose 486 - 689 = 29*h. Let s(a) = -8 + 1 - 5*a - 8. What are the prime factors of s(h)?
2, 5
Suppose 56669 = 15*a - 32701. What are the prime factors of a?
2, 3, 331
Let y(w) = 22*w**2 + w - 5. Let n be y(2). Let s = n + -20. List the prime factor